derivative of -5*l**2/2 - 2*l + 2. Calculate c(v).
8
Suppose 57*k - 4 = 55*k. Let h(a) = a**2 + 2*a - 3. Give h(k).
5
Let d(c) = 12*c**3 - 7*c**2 + 5*c + 1. Let i(b) = -b**3 + b**2 + 5*b - 2. Let q be i(3). Let m(j) = -j**3 + j**2 - j. Let k(g) = q*m(g) - d(g). Calculate k(1).
-6
Let g(x) = x**3 + 5*x**2 + 6*x + 2. Let b be 4/10 - (-24)/15. Let k = 23 + -16. Suppose -4*y - k*r + 4 = -b*r, -3*r = 2*y - 4. Give g(y).
-6
Let d(l) = 8*l**2 - 2*l - 1. Suppose -5*k + 22 = j, 4*j + 14 = 2. Let f = k + -6. Determine d(f).
9
Let h(m) = -m. Let b = 23 + -26. Give h(b).
3
Let y(c) = -c - 2. Let d be y(-4). Let q(n) = -2*n + d - 3 - 1. Give q(-3).
4
Let k(n) = 2*n + 1. Let h(p) = p + 1. Let u(d) = -3*h(d) + 2*k(d). Let i(b) = b**2 - 3*b + 6. Let q be i(4). Suppose -3*a - q - 5 = 0. Give u(a).
-6
Let g(o) be the third derivative of -o**5/60 - o**4/4 - o**3/3 + 31*o**2. Give g(-7).
-9
Let n(a) be the second derivative of a**5/20 + 7*a**4/12 + a**3 + 7*a**2/2 + 7*a. Give n(-6).
7
Let z(j) = -1 + 33*j - 12*j - j**3 - 20*j. Determine z(0).
-1
Let p(y) = y**3 - 6*y**2 + 7*y - 13. Let i be p(5). Let v(z) = z**3 + 2*z**2 + 4. Calculate v(i).
-5
Let z be (-4)/(-3)*(-12)/8. Let j be 78/(-9) + z/(-3). Let k(g) = -2*g - 11. Determine k(j).
5
Let u(p) = -2*p - 8. Let r(b) = -1. Let g(l) = 4*r(l) - u(l). Let j be (-2)/4 - 7/2. Calculate g(j).
-4
Let l(u) be the first derivative of 1 - 1/4*u**4 + 5/3*u**3 - u**2 - 2*u. Determine l(4).
6
Let i(f) = 2*f**2 + 6*f. Suppose 0 = 5*h - 0*h - 10. Suppose 20 = -h*l - 3*l. Give i(l).
8
Let u(p) = 6*p - 8*p + 5 + 1. Suppose -x = 3*v + 8, 3*x - v = -5*v - 9. Let z be x/((-9)/5 + 2). Calculate u(z).
-4
Let z(c) be the second derivative of -c**3/6 - c. Let j be z(1). Let s be 28/(-6) + j/3. Let r(x) = -2*x - 4. Determine r(s).
6
Let v(f) = f**2 + 6*f - 20. Let c be v(-8). Let m(q) = 2*q**2 + 6*q + 1. Calculate m(c).
9
Suppose 0 = -2*i + 10, -2*w + 5*i = 3*w + 45. Let x(h) be the third derivative of -h**4/24 - h**3/6 - 2*h**2. What is x(w)?
3
Let g(b) = -b**2. Suppose -5*d - r = -1, -2*d - 4*r + 4 = d. Suppose d*o = -2*m - o - 5, -5*m = -o - 5. Determine g(m).
0
Let l(a) = -2*a**2 + a. Suppose -h = 5*v - 8*v - 8, v - 6 = -4*h. What is l(v)?
-10
Let k(z) be the third derivative of -z**4/24 - z**3/3 - 12*z**2. Calculate k(4).
-6
Let b(u) = -u**3 - u**2 - 2*u + 1. Let m(h) = h**2 + h. Let v(x) = b(x) + 4*m(x). Determine v(4).
-7
Let x be (-8)/4 - (-5)/(10/4). Let r(k) = -k + 17. Give r(x).
17
Let m(a) = -9*a**2 + 3*a + 2. Let i(s) = 4*s**2 - 2*s - 1. Let k(n) = 7*i(n) + 3*m(n). Calculate k(6).
5
Suppose 37 = -4*r + 5*h, -4*h + 14 = 3*r - r. Let s(x) = 1. Let q(g) = g**3 + 5*g**2 + 5*g. Let n(a) = -q(a) - 3*s(a). Determine n(r).
-6
Let d(t) = t**3 - 7*t**2 + 5*t - 2. Let o = 29 + -23. Calculate d(o).
-8
Suppose r = 5*f - 23, -6*r - 13 = -f - 3*r. Let j(g) be the first derivative of g - 1/4*g**f + 1/3*g**3 - 2 + g**2. What is j(2)?
1
Let j(s) = -2*s**3 + 2*s**2 - 2*s - 1. Let w(k) = k**2. Let v(x) = -j(x) + 4*w(x). Let u be 2/6 - 4/(-6). Suppose 2*q - q + u = 0. Give v(q).
-1
Let x(h) = 3*h**3 - 12*h**2 + 7*h + 5. Suppose -1 - 19 = -4*o. Let m(n) = 2*n**3 - 6*n**2 + 4*n + 2. Let r(g) = o*m(g) - 3*x(g). Give r(-6).
1
Let c(n) = n**2 + 6*n - 2. Let y(q) = 4*q**2 + 19*q - 7. Let s(m) = 7*c(m) - 2*y(m). Calculate s(4).
0
Let o(c) = -c**3 + 2*c - 3 - 2*c**2 + 3*c**2 + 2*c**3 - 5*c**2. Calculate o(3).
-6
Let f(x) = 4*x**3 + x. Suppose 0 = 3*i - 4*s + 3 - 1, 3*i + 3*s = -9. Suppose -w + 2 = -2*z, 2*w - 5*z + 0*z - 6 = 0. Let a be 1 + i*1 - w. Determine f(a).
5
Let b(y) = 13*y + 1. Let f be b(-1). Let k = f - -17. Suppose -k*p + 4*p - 3*j + 10 = 0, -2*j = -10. Let h(v) = v + 7. Calculate h(p).
2
Let y(l) be the third derivative of l**6/120 - 2*l**5/15 + 7*l**4/24 + l**3/3 + 7*l**2. Determine y(7).
2
Let u(f) be the first derivative of -f**4/8 - f**3/6 - 4*f**2 + 2. Let i(p) be the second derivative of u(p). Determine i(-2).
5
Let a(q) = q + 2. Let m be a(-8). Let y(g) = 5*g - 4*g**2 - g**3 - g**2 + 0*g**2. Determine y(m).
6
Let s = -2 + -4. Let d(y) = 11*y**2 + 2*y - 2*y - 5*y**2 + y**3. Determine d(s).
0
Let a(s) = -2*s + 5*s**2 + 2 - 1 + 0 - 2. What is a(-1)?
6
Let k(d) = 7*d**2 - 10*d + 9. Let g(r) = 20*r**2 - 29*r + 26. Let q(s) = -6*g(s) + 17*k(s). Let u be q(3). Let c(b) = -b - 5. Calculate c(u).
-5
Suppose 5*i - 21 + 41 = 0. Let b(q) = -q**2 - 4*q - 2. What is b(i)?
-2
Suppose -3*v = 5*g + 26, 5*v = -5*g + 3*g - 18. Let n(u) = -u - 2. Let p be n(g). Let q(y) = -y**3 + 3*y**2 - 2*y + 3. Determine q(p).
3
Let o(a) = a**2 + 3*a - 2. Suppose 5*z + 3*c + 10 = 4*z, 3*z = 4*c - 4. Let w be o(z). Let y(b) = -b + 2. Determine y(w).
0
Suppose -p - p - 6 = 0. Let q(z) = 3*z**3 + 3*z**2 - z. Suppose -5 = 3*d - 2. Let l(r) = r**3 + r**2 + r - 1. Let i(u) = d*q(u) + 2*l(u). What is i(p)?
7
Suppose -4*k + 8 = -12. Let z(v) = -14*v**2 + 15*v**2 + 6*v - k*v. Calculate z(-1).
0
Let k(d) be the first derivative of -d**2 + 10 - 3 + d**2 + 3*d**2. Give k(-2).
-12
Let o = -23 + 35. Let x(h) = h**2 + h + 1. Let d be x(-2). Suppose -5*p + n = 11 + 7, o = -d*p + n. Let k(s) = 2*s + 3. Calculate k(p).
-3
Suppose s - 3 = -2*s. Let c(u) = s - 4 + 1 - u. Let z(f) = -f - 17. Let l be z(-17). Calculate c(l).
-2
Let a(g) = 7*g. Let n = -19 + 20. What is a(n)?
7
Let h(i) = 7*i + 1 + i - 2. Suppose 4*q = -4 + 20. Suppose 3 = 4*n + c - 4, -2*n + q*c = 10. Calculate h(n).
7
Let d(w) be the first derivative of 3*w**4/2 + w**3/3 - w - 3. Let v be d(1). Let y(k) = 2*k - 3. What is y(v)?
9
Let s(x) = -4*x. Let m be ((-4)/10)/((-3)/(-90)). Let u be 3 + 1/(3/m). Let r = 0 - u. What is s(r)?
-4
Suppose -21*i + 26*i = 10. Let a(p) be the third derivative of 1/120*p**6 - 4*p**i - 1/24*p**4 + 1/3*p**3 + 0*p + 0 + 0*p**5. Give a(2).
8
Suppose -3*c - 2*c + 2*h + 61 = 0, 2*h - 38 = -4*c. Let m = c + -9. Let k(d) = 4*d. What is k(m)?
8
Let t(k) = 11*k + 19. Let l be t(-2). Let y(q) = q**3 + 5*q**2 + 4*q + 4. Calculate y(l).
10
Let k(u) be the third derivative of u**6/120 + u**5/15 + u**4/6 + u**3/3 - 35*u**2. Determine k(-2).
2
Let j(f) = 2*f**3 + 3*f**2 + 3*f + 3. Suppose -36 = 3*l - 30. Calculate j(l).
-7
Suppose -2*s + 8 = 2. Let v(g) = 2 - 3*g + 5*g - g - g**2. Determine v(s).
-4
Let p(a) = -13 + 4*a + 12 - 3*a. Give p(6).
5
Let c(d) = 7*d - 39. Let x be c(6). Let t(r) = -r**3 - 1 + 4 + 0*r**3 - 3*r + 3*r**2. Calculate t(x).
-6
Let r be (45/10)/(6/8). Let f = -5 + r. Let z(m) = 2*m**3 - m. Determine z(f).
1
Let l(w) be the third derivative of 4*w**2 + 0 - 1/6*w**3 + 1/3*w**4 + 0*w. Give l(1).
7
Let t be 1/(1/(-4)) - -2. Let y(p) be the second derivative of 1/2*p**3 + 3/2*p**2 - 1/6*p**4 - 1/20*p**5 + p + 0. Calculate y(t).
-3
Let i be -3 + (-1)/(-1 - -2). Let j = 0 - i. Let z(c) = 5 - 6 + j*c - c. Give z(1).
2
Let s(a) = 2*a - 1. Let h be s(-2). Let p(b) = 6*b**2 + b - 2. Let v(f) = -f**2 + 1. Let d(g) = h*v(g) - p(g). What is d(0)?
-3
Let w = 0 - 1. Let s(j) be the first derivative of 7*j**3/3 - j**2/2 - j + 42. Determine s(w).
7
Suppose 0 = -u - 3*u - 12. Let d(g) = -g**2 - 3. Determine d(u).
-12
Suppose 0*n - 2*n - 4 = 0. Let a(g) be the third derivative of 0*g - 1/12*g**4 - 1/60*g**5 + 0 + 0*g**3 - 3*g**2. Determine a(n).
0
Let d(h) be the second derivative of -h**4/12 + h**3/2 - h**2/2 - 11*h. Calculate d(1).
1
Let g(s) = -3*s - 2*s + 5*s + 3*s. Suppose -5*d + d = 8. Calculate g(d).
-6
Let t(i) = i - i**2 - 7 + 7*i + 2. Let z be t(7). Let m(j) = j - 2. What is m(z)?
0
Suppose 0 = -5*s + 7 - 17. Let f be ((0/(-1))/3)/s. Let j(w) = 3*w + 2 + 4*w**2 + 2 + f - w**3. Give j(5).
-6
Suppose -3*x + s = 7, s = -5*x - 3 - 6. Let i(j) = j**3 - j + 1. Give i(x).
-5
Let j(g) = g**2 - 5*g + 2. Let s(x) = -x**3 + 6*x**2 - 2*x - 11. Let y be s(5). What is j(y)?
-2
Suppose -q - 10 = -6*q. Let c(x) = -2 + 0*x - q + 3*x - 2*x. Let g be 12/(-3) + (-3 - -4). Calculate c(g).
-7
Let m(d) be the third derivative of d**5/60 + d**4/6 - 2*d**3/3 + 40*d**2. Determine m(-4).
-4
Let v(c) = c**3 + 6*c**2 + 3*c. Let q(z) = z**2 + 4*z - 2. Let k be q(-4). Determine v(k).
10
Let w(c) = -9*c**3 - 2*c**2 + 1. Suppose -5*p - 1 = -6. Calculate w(p).
-10
Let d(o) = -2*o - 8. Let s = -19 - -11. What is d(s)?
8
Let h(g) = 3*g + 4 + 5*g - 8*g + 3*g. Give h(-4).
-8
Let k(s) be the second derivative of -2*s**2 - 6*s + 